 m(w).
-2
Let b(f) be the second derivative of f - 1/2*f**2 - 1/3*f**3 - 66 + 7/4*f**5 - 1/12*f**4. Determine b(-1).
-35
Let b(x) = x**3 + 10*x**2 + 4*x + 16. Let p be 29/(-3) + 69/46*(-2)/9. What is b(p)?
-24
Let r(z) be the first derivative of z**5/30 - z**4/6 + z**3/3 + 8. Let i(s) be the third derivative of r(s). Let o = 27 + -24. Determine i(o).
8
Let f(i) = 33 + 10*i + 531*i**2 - 1073*i**2 - i**3 + 539*i**2 - 2*i. Give f(-4).
17
Let i(o) = -o**3 + o**2 - 3*o + 3. Let z(q) = q**3 - 2*q**2 + 3*q - 4. Let d(a) = 6*i(a) + 5*z(a). Let t = -104 + 124. Suppose -14 + t = -3*r. What is d(r)?
-4
Let z(x) = 2*x**3 + 15*x**2 + 20*x + 17. Let b be 24/(-54) + 850/(-153). Give z(b).
5
Let c(q) = 2*q + 27. Let p be c(-9). Let s(w) = 9*w - 2*w - p*w + 4. Give s(6).
-8
Let v(r) be the third derivative of r**6/72 + r**4/24 - 8*r**3 + 22*r**2 + 3*r. Let j(b) be the second derivative of v(b). What is j(-1)?
-10
Let d be (-2)/(2/(-12) - 721/(-618)). Let r(n) = -2*n**2 - 2. Let l(h) = h - 1. Let s(a) = 2*l(a) - r(a). What is s(d)?
4
Let i(b) = -7*b**3 + 106*b**2 + 22*b + 119. Let k(z) = z**3 - 15*z**2 - 3*z - 16. Let r(g) = 2*i(g) + 15*k(g). Determine r(13).
-15
Let t = -359 - -377. Suppose 2 = -d, 13*n - d + 68 = t*n. Let h(g) = -g + 9. Calculate h(n).
-5
Suppose -4*k = -4*y - 104, -511*y = 5*k - 510*y - 88. Let s(o) = 3*o - 60. Calculate s(k).
-3
Let t(f) be the second derivative of f**3/6 + f**2 - f. Let h(b) = 274*b + 3013. Let u be h(-11). Determine t(u).
1
Let p(o) = o**2 + 10*o + 12. Let y(i) = i - 9. Let v(d) = -d**3 - 3*d**2 + d - 12. Let x be v(-4). Let b be y(x). Give p(b).
3
Let s(n) = -18 + n**3 - 11*n**2 - 11*n + 5 + 0. Let b = -157 - -163. Suppose -16*w + 186 = -b. Give s(w).
-1
Suppose 0 = -49*n + 46*n - 4*u + 10, -n + 3*u + 12 = 0. Let r(h) = -7*h**2 + 3*h**3 + 11*h - 2*h**3 - 4*h. What is r(n)?
6
Let h(l) = -13*l**3 - 49*l**2 - 108*l + 69. Let s(p) = 23*p**3 + 97*p**2 + 210*p - 137. Let o(a) = -7*h(a) - 4*s(a). What is o(-43)?
-21
Let l(n) = 11*n - 39. Let g(i) be the second derivative of -7*i**3/6 + 25*i**2/2 - 78*i. Let d(t) = -8*g(t) - 5*l(t). What is d(-6)?
-11
Let x(p) = p**3 - 9*p**2 + 7*p + 14. Suppose 1384 - 934 = 50*y. What is x(y)?
77
Suppose -2*l = 5*w - 12, -5*w - 25*l + 14 = -21*l. Let g(u) be the third derivative of u**6/40 + u**5/20 - u**4/12 + u**3/3 + 20*u**2. Give g(w).
34
Let o(v) = v + 2. Let q(u) = 2*u - 6. Let a be q(5). Let s be (a - 0) + 0*(-4)/8. Suppose -s*g - 31 = j + 2*j, 5*j = -5*g - 45. Determine o(j).
-3
Let o(t) = -t**2 + 15*t - 14. Suppose 936*m - 466*m + 12 = 472*m. What is o(m)?
40
Let w(m) be the second derivative of -21*m - 99*m + 42*m + m**3. Determine w(1).
6
Let l(z) be the third derivative of -z**5/20 + z**4/6 - z**3/6 + 655*z**2 + 1. Determine l(5).
-56
Let i(d) = -2*d + 157. Let m be i(77). Let p(t) be the second derivative of 3/2*t**m - 11*t + 2*t**2 + 1/12*t**4 + 0. Give p(-9).
4
Let g(w) be the second derivative of -w**3/6 + w**2 - 2*w. Let v = 190 + -194. Let y be -2*(-3)/v*(-30)/9. Determine g(y).
-3
Let z(d) = -17*d + 13. Suppose -11*u + 9 = -2*u. Let q be z(u). Let s(y) = -y + 4. What is s(q)?
8
Let r(t) = t**2 + t + 6. Let j = 337 + -570. Let h = 228 + j. Calculate r(h).
26
Let x(g) be the third derivative of g**5/60 + g**4/24 - 7*g**3/3 - 38*g**2 - 4*g. Calculate x(-4).
-2
Let b = -2169 + 2173. Let z(x) = x**3 - 3*x**2 - 3*x + 1. What is z(b)?
5
Let k(o) = o**2 - 23*o + 7*o + 8*o + 12. Let r be (28/3)/((-2)/12*-8). Determine k(r).
5
Suppose -158 + 86 = 9*j. Let y(x) = -19*x**2 + 17*x + 11. Let h(b) = -30*b**2 + 26*b + 17. Let i(a) = j*y(a) + 5*h(a). Give i(5).
17
Suppose 0 = 2*k - 3 - 5. Let w(b) be the second derivative of 0 + 3/2*b**2 - 82*b - 1/3*b**3. Give w(k).
-5
Let b = -3 - -3. Suppose b*h + 2*h + 6 = 0. Let c(i) = -2*i**2 + 82*i + 4. Let l(n) = 3*n**2 - 102*n - 5. Let a(j) = -5*c(j) - 4*l(j). Calculate a(h).
-12
Let u be (-1 - -1)/((-1 - -7) + -7). Let v(n) be the second derivative of n - 1/2*n**2 + 0 - 1/6*n**3. Determine v(u).
-1
Let q(h) be the first derivative of -h**4/4 - 7*h**3/3 - 5*h**2/2 - 2*h + 44. Suppose 11 = 4*p + 3. Let v be (p + -9 - -4) + 3/(-1). Give q(v).
-8
Let w be (-14 - (-636)/48) + (-19)/(-4). Let v(x) = 3*x**2 - 8*x + 6. Let p(t) = -4*t**2 + 9*t - 6. Let d(k) = -2*p(k) - 3*v(k). What is d(w)?
2
Let z be ((-6)/5)/(13/(-260)*12). Let a be ((-23)/(-46))/(z/48*2). Let x(s) = 3*s - 8. Give x(a).
10
Let x(m) = 3*m**2 - 3*m - 7. Let a be x(-6). Let i(n) = 8*n - 2*n - 127 + a - n**2. Suppose -5*r + 36 = 1. Determine i(r).
-15
Suppose 0 = 4*n - 186 + 226. Let g(v) = -2*v**2 - 24*v - 4. What is g(n)?
36
Let p(o) = 698*o + 16 - 707*o + o**3 - 6*o**2 + 0*o**2. Determine p(7).
2
Let n be ((-10)/(-30) - (-2)/(-6))/(1 - -1). Let g(o) be the first derivative of -5/2*o**2 + n*o + 28. Give g(1).
-5
Let m be -7 + 5 + 7 + -8. Let q(s) = 2*s**3 + 4*s**2 - 5*s - 6. Determine q(m).
-9
Suppose -4*o - m + 0*m = -15, 2*o - 5 = -m. Suppose -o*f = -6*f. Let a(x) = 10 - 24*x**2 + f*x + 25*x**2 + 8*x. Determine a(-7).
3
Suppose 0 = d + c + 6 - 24, -29 = -3*d + 2*c. Let s(w) = -w**2 + 5*w - 9 + 18*w - d*w. Determine s(6).
15
Suppose 0*i = -13*i + 455. Suppose -5*y + 74 = i*r - 38*r, 0 = 4*y - r - 55. Let p(o) = -o + 13. Calculate p(y).
0
Let d(a) be the second derivative of a**7/840 - a**6/120 - a**5/30 + a**4/24 + 145*a**3/6 + 141*a. Let j(z) be the second derivative of d(z). What is j(4)?
1
Let r(v) be the second derivative of v**5/20 - 17*v**4/12 - 13*v**3/2 + 13*v**2/2 + 1066*v. Calculate r(19).
-6
Let x(r) = 6*r - 5. Let v(c) = -4*c + 3. Let n(j) = -7*v(j) - 5*x(j). Suppose 0 = y + p - 24, 4*p - 1 - 15 = 0. Suppose -36*k + y = -31*k. Give n(k).
-4
Let s(u) be the third derivative of 2/3*u**3 + 0*u - 8*u**2 + 2 - 1/12*u**4 + 1/60*u**5. Calculate s(0).
4
Suppose 0 = -7*y - y. Suppose 2*i - 146 = -4*l - y*i, 3*l - 5*i - 90 = 0. Suppose -4*c - 11 = -l. Let g(k) = -k + 2. Give g(c).
-4
Let a(j) = -j + 355*j**2 + 325*j**2 + 165 - 682*j**2. Give a(0).
165
Let d(l) = 7*l - 17. Let y(q) be the first derivative of -9*q**2/2 + 18*q + 36. Let h(w) = 5*d(w) + 4*y(w). Calculate h(-6).
-7
Suppose 135*v - 182 = 122*v. Let n(u) = u**2 - 12*u - 28. What is n(v)?
0
Let y be 20/10 - 8/(-2). Let n(c) = 6*c - 2. Let z(u) = -25*u + 5. Let d(a) = -4*n(a) - z(a). What is d(y)?
9
Let b(q) be the third derivative of -2*q - 4/3*q**3 - 64*q**2 + 1/60*q**5 + 5/24*q**4 + 0. Calculate b(-7).
6
Suppose -v - 90*j + 86*j - 1 = 0, -15 = -v + 4*j. Let o(t) = -t**3 + 6*t**2 + 10*t - 40. Determine o(v).
-19
Let u(s) = -464*s + 2315. Let p be u(5). Let a(c) = c**3 + 4*c**2 - 3*c + 6. Give a(p).
-4
Suppose 0 = -4*h + 2*h + 16. Suppose -h = 5*k + 12. Let n(s) = 593 - 1791 - s**2 - 4*s - 4*s + 603 + 591. Give n(k).
12
Let h be (2 + 0)/(56/224). Let f(j) = -j**3 + 5*j**2 + 10*j + 8. Determine f(h).
-104
Suppose -5*p - 3 = -6*p. Suppose -4*n = p*k - 27, -5*n - 13 = -n - 5*k. Let h(b) be the first derivative of -b**4/4 + b**3/3 + 3*b**2/2 + 4*b + 69. Give h(n).
-5
Let d(t) = -t**3 - 4*t**2 + 2*t + 2. Let x = 85 - 123. Suppose -42*m + 735 = -21*m. Let y = x + m. Give d(y).
-13
Let p(w) = -w**3 + 5*w**2 + 6*w + 8. Suppose -z = 2, 2*i - z - 3 = 3. Suppose -i*o = -0*o - 150. Let t = o - 69. Calculate p(t).
8
Let v be (-3 + 15/6)*6. Let b be v/7*1 + (-174)/(-14). Let s(k) = 8*k - 5 - b*k**2 - k**3 - 3*k**2 + 9*k**2. Determine s(-7).
-12
Let q(d) = 5*d**2 + 3*d - 143. Let s(y) = 6*y**2 + 4*y - 181. Let o(j) = 5*q(j) - 4*s(j). What is o(-10)?
119
Let o(j) = 5*j + 35. Let c = -4496 + 4489. Calculate o(c).
0
Let o(j) = 473206*j - 18 + 473160*j - 5*j**2 - 946295*j. Determine o(14).
-4
Let q(b) = -b**3 - 2*b**2 - 7*b - 6. Let s(p) = -3*p**3 - 5*p**2 - 22*p - 20. Let f be (-3)/(7/(168/(-18))*-2). Let m(h) = f*s(h) + 7*q(h). Calculate m(-5).
48
Suppose 2*h = 11 - 7. Suppose -5*u = -4*r + 51, -h*r + 3*u = 3*r - 67. Let s(y) = -r*y - 2 + 3 + 13*y + 2. What is s(0)?
3
Let p(t) = t**2 + 5*t. Suppose -53 + 7 = -5*i + 3*c, 0 = -5*i + 5*c + 40. Suppose 0 = i*l + 63 - 206. Suppose -l*d + 8 = -15*d. Give p(d).
-4
Let w(z) = z**2 + 240*z + 6086. Let c be w(-29). Let p(n) = n**3 + 41*n**2 + 266*n + 71. What is p(c)?
5
Suppose -l - 43 = -4*d - 0*l, -4*d + 33 = -3*l. Let q be -8*(d/16)/(-1). Let x(z) = z**2 + z**3 + 6*z**2 - 9 - 6*z + 2 - 2*z**3. Giv